4, what is 331303 - 23?
331220
In base 13, what is -799 + 17?
-782
In base 13, what is 116 - -5887?
59a0
In base 12, what is 971ab + -4?
971a7
In base 16, what is dcb1 - -2?
dcb3
In base 12, what is -1 - 43a7a?
-43a7b
In base 3, what is -1 - -1122101001?
1122101000
In base 8, what is 5 + -360661?
-360654
In base 9, what is -5 - 1583?
-1588
In base 9, what is 23300 + 7?
23307
In base 15, what is -12a7 + b?
-129b
In base 10, what is -1 + -3071?
-3072
In base 12, what is -1494b67 - -2?
-1494b65
In base 9, what is 4 + 22418?
22423
In base 7, what is 25525 - -5?
25533
In base 16, what is -42 + 4cc9?
4c87
In base 9, what is 13448 - 2?
13446
In base 16, what is -123 - -2a?
-f9
In base 13, what is 76a17 - c?
76a08
In base 5, what is 2303 + 21?
2324
In base 5, what is 3 - 40212424?
-40212421
In base 14, what is -10 - -17d7?
17c7
In base 3, what is 12 + -1220201200?
-1220201111
In base 9, what is 251 + 14320?
14571
In base 9, what is 634 + 48?
683
In base 12, what is -5 + -a661?
-a666
In base 16, what is 1b5 + 2c?
1e1
In base 9, what is 104 - -5327?
5432
In base 12, what is 3 - 18609?
-18606
In base 9, what is 1 + 2251033?
2251034
In base 16, what is -1c2 - -18?
-1aa
In base 4, what is 21 + -113332301?
-113332220
In base 9, what is 5 + 610335?
610341
In base 15, what is 4a9 + 68?
522
In base 16, what is -17 + 574e?
5737
In base 13, what is 1 - 742?
-741
In base 15, what is -33c - -4e?
-2dd
In base 10, what is -21 + 1328?
1307
In base 9, what is -2 - -150004?
150002
In base 10, what is 266094 + 4?
266098
In base 16, what is 0 - -262?
262
In base 13, what is 36391 + -12?
3637c
In base 12, what is 2a + -2588?
-255a
In base 10, what is -26 + 91?
65
In base 3, what is 11 + 222200200?
222200211
In base 9, what is 5 + -1254112?
-1254106
In base 8, what is -3 + 2760?
2755
In base 7, what is -165 - -21241?
21043
In base 2, what is -1101 - -110000111100010?
110000111010101
In base 4, what is -103 + 11323233?
11323130
In base 10, what is 2030787 - 5?
2030782
In base 5, what is -13413 - -103?
-13310
In base 10, what is -107 - 4176?
-4283
In base 13, what is 15 + -9455?
-9440
In base 9, what is 3 - -23551?
23554
In base 5, what is -34241 + -202?
-34443
In base 10, what is 1649 + 36?
1685
In base 11, what is -11a359 + 10?
-11a349
In base 10, what is 211 + 0?
211
In base 7, what is -4 + -166112?
-166116
In base 12, what is -80095 - 3?
-80098
In base 6, what is -242343 + 3?
-242340
In base 2, what is -10 + 101111011100?
101111011010
In base 8, what is -22445131 - -4?
-22445125
In base 9, what is 155 - 537?
-372
In base 8, what is -4 - 3716623?
-3716627
In base 10, what is -437 + -532?
-969
In base 3, what is -11010211 - 121210?
-11202121
In base 7, what is -641045 - -24?
-641021
In base 5, what is 134430 - -10220?
200200
In base 16, what is -1 - dbf?
-dc0
In base 5, what is 41013 + -134?
40324
In base 8, what is -50467 + -5?
-50474
In base 9, what is -42 - -310?
257
In base 10, what is 4 - -39477?
39481
In base 4, what is -2 - 11123112?
-11123120
In base 9, what is 40 + -456?
-416
In base 14, what is 223b + -4?
2237
In base 5, what is -210 + -434?
-1144
In base 15, what is -229 + a1?
-178
In base 13, what is 116 + -9b?
48
In base 6, what is -22 + 22225?
22203
In base 4, what is -1 - 1230131210?
-1230131211
In base 11, what is -3 - -183861?
183859
In base 12, what is -4 + 35062?
3505a
In base 16, what is 8c8 - -8?
8d0
In base 2, what is 100111 - -1011100010?
1100001001
In base 11, what is -7 - 40a9?
-4105
In base 5, what is 1133 - 1303?
-120
In base 10, what is -54440 + -4?
-54444
In base 8, what is -23267753 + 5?
-23267746
In base 16, what is 2 - -35d3?
35d5
In base 14, what is 0 + 21227b?
21227b
In base 4, what is 113 + 1013020?
1013133
In base 14, what is -99a + -4a8?
-1064
In base 12, what is 10a59 - 6?
10a53
In base 4, what is 3 - -322303?
322312
In base 5, what is 1 + 311043?
311044
In base 8, what is -2 - 46445?
-46447
In base 9, what is 2 + -7535?
-7533
In base 14, what is -2695 - -19?
-267a
In base 3, what is -220200211 - -20?
-220200121
In base 10, what is -24558 - 65?
-24623
In base 12, what is 6 - 193753?
-193749
In base 15, what is -3887 + 1?
-3886
In base 15, what is ace + e?
add
In base 2, what is -1001011101100 - 10111?
-1001100000011
In base 8, what is -363002 - 5?
-363007
In base 3, what is 12222001220 + -2?
12222001211
In base 2, what is -11001101000111010 + 11?
-11001101000110111
In base 9, what is 7315 - 3?
7312
In base 11, what is 3281181 - 5?
3281177
In base 9, what is 118207 - 4?
118203
In base 15, what is 238a - -3?
238d
In base 8, what is -67000 - 372?
-67372
In base 12, what is -1 + 40673?
40672
In base 8, what is 767070 - -1?
767071
In base 8, what is 4 + -11214?
-11210
In base 2, what is 100000110 + -1000010010?
-100001100
In base 7, what is 1513 + -21?
1462
In base 16, what is a9f49 - -1?
a9f4a
In base 15, what is 7b9 - ae0?
-326
In base 4, what is 213300033 + 0?
213300033
In base 9, what is 740 - 3323?
-2473
In base 12, what is 3 + -19678?
-19675
In base 15, what is 6b2 + -4de?
1c3
In base 16, what is 4b2 - -11?
4c3
In base 2, what is 100 + -1000011010110111?
-1000011010110011
In base 2, what is 1100 + 110100100011000?
110100100100100
In base 14, what is -26 - 4c84?
-4caa
In base 4, what is -13 - 202000033?
-202000112
In base 2, what is 1 + 110100100101100011?
110100100101100100
In base 2, what is -1010 + 10011110111011?
10011110110001
In base 4, what is -3 + -322302?
-322311
In base 14, what is 4dc5 + 3b?
5022
In base 8, what is -23147360 - -2?
-23147356
In base 7, what is 2 + 10330?
10332
In base 6, what is 2 + -33251?
-33245
In base 8, what is 525505 - 3?
525502
In base 11, what is -7 - 5a4?
-600
In base 12, what is 0 - 32a04?
-32a04
In base 12, what is 18b39 - 0?
18b39
In base 14, what is 4b62 + 7?
4b69
In base 5, what is 0 - 1134233?
-1134233
In base 3, what is -11 - 1100120000?
-1100120011
In base 12, what is 3 + -51860?
-51859
In base 8, what is -50777014 - -3?
-50777011
In base 15, what is -893 - 27?
-8ba
In base 12, what is 0 - 17726?
-17726
In base 11, what is -4011 + 720?
-33a1
In base 9, what is -6 - 240428?
-240435
In base 11, what is -1152905 - 0?
-1152905
In base 8, what is -1563 - -33?
-1530
In base 12, what is 3939 + 107?
3a44
In base 4, what is -1111030 - -20312?
-1030112
In base 15, what is -8d0 + 3?
-8cc
In base 12, what is 7 - 1ba987?
-1ba980
In base 7, what is 16 - 1141?
-1122
In base 3, what is -211101 - 1021210?
-2010011
In base 8, what is 66 - -43640?
43726
In base 11, what is -1 - 43208?
-43209
In base 16, what is -41 + -d02a?
-d06b
In base 7, what is 21 - 53510?
-53456
In base 12, what is -2 + -33a34b?
-33a351
In base 11, what is -8964 - 2?
-8966
In base 10, what is 4 + 14343?
14347
In base 11, what is 324463 - 5?
324459
In base 4, what is -1 + -1013331201?
-1013331202
In base 12, what is -253 + -8b?
-322
In base 3, what is -2 + -12200102?
-12200111
In base 5, what is 30 + -2024202?
-2024122
In base 16, what is 0 + -a3f06?
-a3f06
In base 5, what is 2 + 30021202?
30021204
In base 6, what is -32 + -534?
-1010
In base 2, what is 0 - -11110100011010011?
11110100011010011
In base 10, what is 99399 + -1?
99398
In base 2, what is -101000000101100 + 100?
-101000000101000
In base 9, what is -10676 + 4?
-10672
In base 3, what is 2102212 + 21?
2110010
In base 5, what is 40003 - 12?
34441
In base 8, what is -55623 - -1?
-55622
In base 9, what is 2 - -276210?
276212
In base 8, what is -243 - -60?
-163
In base 15, what is ac2 + 229?
ceb
In base 3, what is 1 + -21100001201?
-21100001200
In base 8, what is -11 + -261556?
-261567
In base 9, what is 40 + 1852?
2002
In base 9, what is 2208 - -14?
2223
In base 11, what is -295a9 + 2?
-295a7
In base 10, what is 26138 - 2?
26136
In base 4, what is 31303 - 211?
31032
In base 13, what is 8 + -48b1?
-48a6
In base 16, what is -1c807 - 3?
-1c80a
In base 3, what is -202001 - -120001?
-12000
In base 7, what is 364 - 20?
344
In base 10, what is -3 + 1338?
1335
In base 11, what is 1 + 17959?
1795a
In base 2, what is -111010011001010 + 110?
-111010011000100
In base 7, what is 13365 + 32?
13430
In base 9, what is -4 + -435630?
-435634
In base 15, what is -1 + -4ebb?
-4ebc
In base 15, what is 4 + d1d?
d22
In base 4, what is -23 - -22013?
21330
In base 16, what is 97 + -5f8?
-561
In base 5, w